c**2 - 11*c + 8. Let i(v) = -2*v**2 - 21*v + 15. Let m(l) = b*i(l) + 11*p(l). Is m(3) a prime number?
False
Let z be 1*7*(-48)/(-28). Let u(x) = -z*x + 1 + 2 - 5. Is u(-2) prime?
False
Let r(z) = -186*z + 3. Is r(-5) a prime number?
False
Let k(a) be the second derivative of -a**3/6 - 2*a**2 - a. Let r be k(-6). Suppose -2*m = 3*w - w - 48, w - 29 = -r*m. Is w a prime number?
True
Suppose -2*z + 2*n - 9 - 7 = 0, -4*n = 3*z - 4. Let h be z/(-2) - (2 - 0). Suppose h*i + 5*i = 95. Is i prime?
True
Let n(j) = 3*j - 6. Let a(h) = -10*h + 19. Let b(o) = 2*a(o) + 7*n(o). Let d be b(6). Suppose 7*l - 50 = d*l. Is l prime?
False
Suppose -2*s = -x - 4671, 4*s - 5*x - 9181 = 176. Is s a prime number?
True
Suppose -648 = -5*f + 277. Is f prime?
False
Let b(a) = -a**2 - 4*a + 7. Let o be b(-6). Let z = o - -61. Suppose -5*q + 39 = -z. Is q a composite number?
False
Is (-4 - -6) + (1 - -288) a composite number?
True
Suppose 0*c = -4*c - 36. Let b be ((-93)/c)/((-4)/24). Let j = 149 - b. Is j a composite number?
False
Is (-21080)/(-72) - (-4)/18 a prime number?
True
Suppose -3*u = -7*u + 100. Is u a prime number?
False
Let v(s) = 2*s**2 + 8*s - 2. Let m be (-1 - (-15)/9)*-9. Is v(m) a prime number?
False
Let l = -1029 - -2272. Is l composite?
True
Suppose 0 = -3*p + 6 + 3. Suppose -p*s + 108 = -273. Is s composite?
False
Let l = -2 - -2. Is (0 + l + 39)*1 composite?
True
Let v(u) = u + 6. Let j be v(0). Let l = -6 - -3. Is ((-28)/j)/(1/l) a composite number?
True
Suppose -b - 4*l + 17 = -6, -l = 3. Let w = b + 26. Suppose 0 = -5*c - 3*u + w, -2*u + 21 + 27 = 4*c. Is c prime?
True
Suppose -4*l + 0*l = -2396. Is l a prime number?
True
Suppose 0 = -2*x - 3*x. Let z(m) = m + 1. Let i be z(x). Is -2 - (-21 + 3 + i) composite?
True
Let m be 825/3*(-10)/(-25). Suppose 2*d - 60 = -o + 55, 3*d + m = o. Is o a prime number?
True
Let c be (-72)/(-10)*(0 - -10). Suppose c + 2 = 2*q. Is q a composite number?
False
Suppose 6*k = k + 820. Suppose -3*j - 2*m = -36 + 159, -4*j - m = k. Let c = j - -88. Is c prime?
True
Let q = 150 - -8. Let d = q - 103. Is d prime?
False
Let t(s) = -3*s**3 - 3*s**2 + 3*s + 6. Let p(k) = -k**3 - k. Let x(l) = -2*p(l) + t(l). Let g = -7 - -2. Is x(g) prime?
True
Let t = -10 - -15. Let d(u) = u**2 + 2*u. Is d(t) prime?
False
Suppose 0 = -2*u, 4*t - u - 4*u + 4 = 0. Let v(f) = 43*f**2 + f + 1. Is v(t) composite?
False
Let i(m) be the third derivative of 0 - 7/12*m**4 - 5/6*m**3 + 0*m - m**2. Is i(-6) composite?
False
Suppose 642 + 74 = 4*d. Is d a prime number?
True
Let x(j) be the second derivative of j**5/5 - j**4/12 - j**3/3 + j**2/2 - 3*j. Is x(2) a composite number?
True
Suppose -l - 5*y - 4 = -0*l, -3*y - 18 = -2*l. Is (3/l)/(1/94) composite?
False
Suppose -2*j + 0 - 4 = 4*d, -4*d = 0. Is 76 - 6*1/j a prime number?
True
Suppose 3*c + 11 = -7. Let k = c - -11. Suppose 55 = 3*g + 2*g + k*t, -34 = -3*g - 4*t. Is g a composite number?
True
Let s be 10*((-3)/(-6) + 2). Let f = s + 102. Is f a prime number?
True
Let a(w) = 2. Let k(q) = -6*q - 108. Let p(t) = 108*a(t) + 2*k(t). Let c be p(3). Let g = 17 - c. Is g composite?
False
Let i = 53 + 90. Is i a prime number?
False
Suppose -3*o = 3*v - 7*o - 810, -4*o + 1108 = 4*v. Is v a prime number?
False
Suppose -5*o + 5*w + 647 = -2*o, 4*w = 2*o - 430. Suppose 5*r = 46 + o. Is r a composite number?
False
Let g(r) = 28*r**2 - 4*r - 11. Is g(-5) prime?
True
Is -2 + 3 + -3 + 60 a composite number?
True
Let a(y) = 6*y**2 + y**2 + 1 - 2 - y**3 + y. Is a(7) a composite number?
True
Suppose -b - 5*y + 11 = -5, -4*b - y + 102 = 0. Suppose h = 168 + b. Is h composite?
True
Let v(t) = -7*t**3 + 7*t**2 - 5*t + 1. Let y be v(5). Let m(k) = -k**2 + k + 4. Let j be m(0). Is y/(-8) + (-6)/j a prime number?
True
Suppose 4*c = -d - 8, -2*c = 3*c + 15. Let z(s) = d*s**2 - 3 + 2 + 0. Is z(2) composite?
True
Let t(i) be the third derivative of i**4/24 + 119*i**3/6 - i**2. Is t(0) prime?
False
Let g(o) = 3*o + 3. Let t = -4 + 8. Is g(t) a prime number?
False
Let a(v) be the second derivative of v**5/20 - v**4/2 + 3*v**2/2 - 2*v. Let l be a(6). Is 102/(-45)*l*-5 a composite number?
True
Let t(u) = 9*u + 1. Let p(g) = g**2 + 12*g + 15. Let y be p(-11). Suppose 0 = y*k - 4*o + 4, 4*k - 5*o + 1 + 8 = 0. Is t(k) composite?
False
Suppose 2*b = -t + 1141, 3*t - b - 3468 = 2*b. Is t prime?
True
Let k = 2 - 1. Let f = k - -2. Suppose l + l - 34 = -4*p, -5*p - f = -4*l. Is l composite?
False
Suppose -32*l = -34*l + 3246. Is l composite?
True
Suppose -135 = -0*x - x - 4*q, -x + 5*q + 90 = 0. Suppose 0 = -0*c + c - x. Is c composite?
True
Let s be (-4 + 3)*3 + 7. Is (1 - s)/(1/(-7)) a composite number?
True
Let h be (2 - 3) + 1 - 0. Suppose -d + 557 = 3*d + 5*n, h = -2*n - 6. Is d a prime number?
False
Is -2*(0 + (-19)/2) composite?
False
Suppose 3*t + q - 5*q - 27 = 0, 4*q = -3*t + 3. Suppose -2*v + j + 3*j = -54, t*j = -3*v + 136. Is v composite?
False
Suppose 6*c = -5*g + 4*c, -c = -2*g. Suppose g*f = -3*x + 4*f + 205, 2*x - 144 = -f. Is x prime?
True
Suppose -4*t = -586 + 78. Is t prime?
True
Suppose 0 - 6 = -3*q. Suppose q*n - 851 = 5*v, -5*n + 2*v + 235 = -1840. Is n prime?
False
Let g = -6 + 8. Suppose -m = -4*n + 3, 5*n = -3*m + 27 - g. Suppose j - 125 = -n*y, 2*y + 64 = -5*j + 169. Is y a composite number?
True
Suppose -24*h - 232 = -28*h. Is h composite?
True
Let y(h) = h**3 + 23*h**2 - 5*h + 12. Is y(-17) composite?
False
Suppose -35 = -z + 6*z. Let f(n) = 6*n**2 + 9*n - 10. Let p(h) = -7*h**2 - 9*h + 11. Let c(t) = -6*f(t) - 5*p(t). Is c(z) a composite number?
False
Let a(c) = -c**3 - 3*c**2 + 5*c + 6. Let j be a(-4). Suppose -647 = -j*i + 5*h, -3*i = 4*h - 1098 + 93. Is i a prime number?
True
Let h be 4449/27 + (-4)/(-18). Suppose 7*o - h = 2*o. Is o a prime number?
False
Suppose p - 5 = 0, 2*m = -0*p - 3*p + 17. Is ((-15)/(m + -2))/1 a composite number?
True
Let v be (49/(-14))/(1/(-18)). Suppose -v = -5*o + 2. Is o prime?
True
Suppose 0 = g - 2*c - 914 - 147, -2*g + c + 2116 = 0. Let f = g + -638. Is f prime?
True
Let q be 4 - ((-3)/(-3) - 1). Suppose 0 = q*p - 5 - 3. Suppose -156 = -2*m + p*l, -m + 2*m = -5*l + 72. Is m composite?
True
Suppose 5*p + 10 = 0, -2*x + 5*p + 0*p + 2504 = 0. Is x composite?
True
Let r be (-42)/10 - (-1)/5. Let l(h) = -h**2 - 5*h + 1. Let u be l(r). Suppose -214 = -u*j - 4*s, -s + 180 = 3*j + j. Is j composite?
True
Let m be 164/(-16) + 4/16. Is ((-75)/m)/((-2)/(-4)) prime?
False
Let t be 842 + (-4)/(-2) - 0. Suppose 3*q = -q + t. Is q composite?
False
Suppose 17 - 4 = -4*x + 3*w, -2*x - 5 = -w. Let d be x/(((-3)/(-1))/3). Is (-4 - -3)/(d/53) a composite number?
False
Let j be (5 + 1)*2/6. Suppose -2*t = 5*r + 18, -2*t - 4*r - 36 = j*t. Let m(p) = -13*p + 10. Is m(t) prime?
True
Let r = 3 + 0. Suppose -r*n + 3*s - 2 = 4, 10 = 5*n - s. Is n*4/6 + 24 composite?
True
Suppose 0 = -2*k - 0*k - u - 9, -u = 5*k + 27. Let v = 132 + -89. Let b = k + v. Is b composite?
False
Suppose -5 = -3*s + 4. Let u be 75/s + (-2 - -1). Suppose -3*k - 5*l + 17 - 2 = 0, 0 = -3*k - 2*l + u. Is k a prime number?
False
Let y be 217 - 7/((-7)/2). Let w(o) = -5*o + 1. Let j be w(7). Let s = y + j. Is s a composite number?
True
Let a(k) = 63*k**2 - 5*k - 13. Is a(-7) composite?
False
Let f(v) = -v**3 + 9*v**2 - 3*v - 6. Is f(4) prime?
False
Suppose -3*l = -5*r + 9 + 15, 4*l - 5*r + 27 = 0. Is ((l - -3) + -1)*-85 prime?
False
Let b be 1 + -3 - -1*16. Let u = b - 9. Suppose 3*n - u*z - 164 = 0, 2*n - 155 = -n - 4*z. Is n a composite number?
False
Suppose 0 = -r - r + 4. Is -4*(r - (-10)/(-4)) prime?
True
Let d(w) = 7*w + 18*w - 7*w + 8 - 3. Is d(5) a composite number?
True
Let b be -4 - -6 - (1 + 1). Suppose b = 3*j - 89 - 64. Is j prime?
False
Suppose 5*a - 528 = -4*j, 5*a + 28 = -j + 175. Is j composite?
False
Suppose 3*o - 2*c - 9 = -5*c, 0 = o - 2*c - 6. Let a(m) = -4*m + 5*m + 2 - o*m. Is a(-4) prime?
False
Let v(i) = 7*i**2 + 12*i - 2. Is v(9) a prime number?
True
Let g be (-3767)/5 + 6/(-10). Let y = -467 - g. Is y composite?
True
Let s = -9 - -5. Let j(o) = o**3 + 5*o**2 + 5*o + 6. Let w be j(s). Let g(l) = 19*l - 1. Is g(w) composite?
False
Let n(x) = -x**3 - 9*x**2 + 10*x + 5. Let o be n(-10). Suppose -k - 269 = -2*u + 2*k, -o*u + 610 = 5*k. Is u a prime number?
True
Is ((-2757)/(-12))/(0 - 1/(-4)) composi